11?
2010
What is the remainder when 156051 is divided by 25802?
1239
Calculate the remainder when 189143 is divided by 31.
12
What is the remainder when 252927998 is divided by 3?
2
Calculate the remainder when 1930360 is divided by 137882.
12
What is the remainder when 10393273 is divided by 2490?
13
Calculate the remainder when 1693179 is divided by 1693105.
74
What is the remainder when 74752 is divided by 8280?
232
What is the remainder when 6012097 is divided by 233?
231
What is the remainder when 431430 is divided by 215327?
776
What is the remainder when 50848901 is divided by 681?
674
What is the remainder when 1218812 is divided by 121878?
32
Calculate the remainder when 1824417 is divided by 20.
17
Calculate the remainder when 36806459 is divided by 1309.
1306
Calculate the remainder when 1669003 is divided by 195.
193
What is the remainder when 42040 is divided by 10?
0
Calculate the remainder when 4405351 is divided by 424.
415
Calculate the remainder when 623405 is divided by 24.
5
What is the remainder when 4288607 is divided by 56?
15
Calculate the remainder when 17639857 is divided by 94.
5
What is the remainder when 10304913 is divided by 3434925?
138
What is the remainder when 244468399 is divided by 8?
7
What is the remainder when 7737573 is divided by 3498?
3495
Calculate the remainder when 3175002 is divided by 17.
14
Calculate the remainder when 221654031 is divided by 42.
39
Calculate the remainder when 56799982 is divided by 90.
82
Calculate the remainder when 154348 is divided by 147.
145
What is the remainder when 16904254 is divided by 6?
4
What is the remainder when 138546 is divided by 180?
126
What is the remainder when 14963 is divided by 12?
11
Calculate the remainder when 861582 is divided by 143597.
0
What is the remainder when 59446197 is divided by 293?
13
What is the remainder when 15175577 is divided by 1850?
27
What is the remainder when 39342 is divided by 2287?
463
What is the remainder when 2108446 is divided by 2767?
2759
Calculate the remainder when 652414 is divided by 2540.
2174
What is the remainder when 12100 is divided by 9653?
2447
Calculate the remainder when 1386375 is divided by 693167.
41
What is the remainder when 1939285 is divided by 969623?
39
What is the remainder when 11142765 is divided by 2504?
2469
What is the remainder when 3750302 is divided by 3750299?
3
Calculate the remainder when 162181239 is divided by 164.
163
What is the remainder when 378515 is divided by 54049?
172
Calculate the remainder when 253624 is divided by 1437.
712
Calculate the remainder when 82850581 is divided by 920562.
1
Calculate the remainder when 377740 is divided by 1137.
256
What is the remainder when 185957 is divided by 607?
215
Calculate the remainder when 1171231 is divided by 37736.
1415
Calculate the remainder when 3512775 is divided by 3741.
3717
What is the remainder when 98020377 is divided by 19604074?
7
What is the remainder when 3849908 is divided by 1283281?
65
What is the remainder when 1990466 is divided by 3296?
2978
Calculate the remainder when 16157 is divided by 2319.
2243
What is the remainder when 113401 is divided by 566?
201
What is the remainder when 5855674 is divided by 7055?
24
Calculate the remainder when 69071 is divided by 2956.
1083
Calculate the remainder when 57959703 is divided by 3735.
3708
Calculate the remainder when 84448 is divided by 83680.
768
Calculate the remainder when 193064 is divided by 62283.
6215
Calculate the remainder when 3433544 is divided by 671.
37
What is the remainder when 1468957 is divided by 85?
72
What is the remainder when 401246 is divided by 1016?
942
What is the remainder when 4616367 is divided by 230805?
267
What is the remainder when 25269227 is divided by 1192?
19
What is the remainder when 1025267 is divided by 343?
40
What is the remainder when 402208 is divided by 200514?
1180
Calculate the remainder when 28719173 is divided by 60.
53
Calculate the remainder when 3304836 is divided by 1101606.
18
Calculate the remainder when 317981 is divided by 487.
457
What is the remainder when 1007460 is divided by 67157?
105
Calculate the remainder when 2821502 is divided by 14.
12
Calculate the remainder when 5164227 is divided by 161381.
35
Calculate the remainder when 19960175 is divided by 61.
60
What is the remainder when 2272470 is divided by 95?
70
Calculate the remainder when 38227 is divided by 281.
11
What is the remainder when 621906 is divided by 677?
420
What is the remainder when 11994379 is divided by 17?
12
What is the remainder when 6232398 is divided by 19?
18
Calculate the remainder when 16880358 is divided by 2035.
33
What is the remainder when 32931 is divided by 55?
41
What is the remainder when 290141 is divided by 82?
25
Calculate the remainder when 154974154 is divided by 63.
13
Calculate the remainder when 1057768 is divided by 5626.
80
Calculate the remainder when 3580807 is divided by 201.
193
Calculate the remainder when 124855 is divided by 138.
103
Calculate the remainder when 4656820 is divided by 145525.
20
Calculate the remainder when 504636 is divided by 16277.
49
What is the remainder when 28026450 is divided by 7897?
7894
What is the remainder when 5366119 is divided by 5?
4
Calculate the remainder when 87879 is divided by 8787.
9
What is the remainder when 10505062 is divided by 218855?
22
What is the remainder when 439013085 is divided by 3414?
3411
Calculate the remainder when 822884 is divided by 261.
212
Calculate the remainder when 52122511 is divided by 52122511.
0
Calculate the remainder when 783446 is divided by 560.
6
What is the remainder when 599817 is divided by 7490?
617
What is the remainder when 5792150 is divided by 25?
0
What is the remainder when 1519600 is divided by 203?
145
What is the remainder when 134386 is divided by 85?
1
Calculate the remainder when 6375 is divided by 309.
195
What is the remainder when 766545 is divided by 766256?
289
Calculate the remainder when 308119 is divided by 437.
34
Calculate the remainder when 689667 is divided by 229862.
81
Calculate the remainder when 12507332 is divided by 18.
14
Calculate the remainder when 21395531 is divided by 855.
11
Calculate the remainder when 63731 is divided by 594.
173
What is the remainder when 3224049 is divided by 29578?
47
Calculate the remainder when 551156 is divided by 13750.
1156
Calculate the remainder when 1420990283 is divided by 84.
83
Calculate the remainder when 290609 is divided by 1391.
1281
Calculate the remainder when 9441354 is divided by 3720.
3714
What is the remainder when 30642750 is divided by 17?
12
Calculate the remainder when 3031846 is divided by 15709.
9
What is the remainder when 19605166 is divided by 4?
2
Calculate the remainder when 4657337 is divided by 5948.
53
Calculate the remainder when 1382674 is divided by 3591.
139
What is the remainder when 15550 is divided by 4511?
2017
What is the remainder when 1169131 is divided by 709?
699
Calculate the remainder when 4852587 is divided by 10.
7
Calculate the remainder when 19586097 is divided by 561.
465
Calculate the remainder when 76320 is divided by 629.
211
Calculate the remainder when 94116 is divided by 299.
230
What is the remainder when 16659076 is divided by 4643?
4635
Calculate the remainder when 3816991 is divided by 112263.
49
What is the remainder when 143143028 is divided by 1910?
1898
What is the remainder when 375846 is divided by 7122?
5502
What is the remainder when 1747410 is divided by 40632?
234
What is the remainder when 6476815 is divided by 11264?
15
What is the remainder when 22080687 is divided by 545?
12
Calculate the remainder when 2270520 is divided by 708.
672
What is the remainder when 187777 is divided by 7564?
6241
Calculate the remainder when 116725 is divided by 2934.
2299
Calculate the remainder when 717336 is divided by 23.
12
What is the remainder when 938290 is divided by 312757?
19
Calculate the remainder when 4900 is divided by 16.
4
Calculate the remainder when 10437 is divided by 309.
240
Calculate the remainder when 600349 is divided by 46180.
9
What is the remainder when 30628925 is divided by 312540?
5
What is the remainder when 99687 is divided by 11063?
120
Calculate the remainder when 1840